 is the highest common divisor of a and 18?
18
Suppose -u - 41 = -39. Let n be (0 + -22 + u)/(24/(-16)). Calculate the highest common factor of 4 and n.
4
Suppose -5*q - 33 = 7. Let j(z) = 2*z**3 + 15*z**2 - 11*z - 6. Let k be j(q). Calculate the greatest common divisor of k and 18.
18
Let u be 282/(-40)*16/(-6)*10. What is the greatest common divisor of 47 and u?
47
Let l(x) = -x**3 - 6*x**2 - 7*x. Let i be l(-5). Suppose 14*r + 150 = 20*r. What is the greatest common divisor of r and i?
5
Let a be 62 + (1 - (-5 + 9)). Let u be a + -4 + -2 + 7. Calculate the greatest common divisor of u and 75.
15
Let v = 7 + -5. Let u = 7 - v. Suppose u*g + m = 5*m + 1473, -4*m = -12. What is the greatest common factor of 27 and g?
27
Let t(f) = -8 - 23*f + 9*f + 8*f + 10*f. Let k be t(8). Suppose 5*p - k = -j + 21, 0 = -4*p + 20. What is the highest common factor of j and 80?
20
Let t be -12 - -19 - ((-18)/(-2))/3. Suppose t = 10*o - 9*o. Let v be 6/9*24/1. Calculate the highest common divisor of v and o.
4
Suppose g - 5 = -q + 20, -3*g - 4*q + 73 = 0. Let p = 22 - 34. Let u = g + p. What is the greatest common divisor of u and 5?
5
Suppose 5*w - 1805 = -5*a, -3*a + 0*a + 1086 = 2*w. Let q = a - 167. Let f = q + -134. What is the highest common divisor of 7 and f?
7
Let d = -121 + 225. What is the greatest common divisor of 16 and d?
8
Let f = 92 - 94. Let y be 37220/180 - f/9. What is the highest common factor of 9 and y?
9
Suppose 35 + 4 = 5*y + 9*w, -5*y = 3*w - 63. Suppose 2*k - 3*k + 3*l + 72 = 0, k - l - 64 = 0. What is the highest common factor of y and k?
15
Suppose 3*m - 6*m = -3*o - 72, 0 = 5*m + 2*o - 106. Calculate the highest common divisor of m and 1342.
22
Let u = 33 + 71. Calculate the highest common factor of 8 and u.
8
Let z(r) = 3*r**2 + r + 4. Let q be z(-3). Let u = q + -17. Suppose -4*i - v + 74 + u = 0, 5*v - 45 = -i. What is the highest common factor of i and 20?
20
Let u(z) = -4*z**3 - 17*z**2 + 8*z + 20. Let o be u(-6). Calculate the greatest common divisor of 14 and o.
14
Suppose a - 2*a + 4 = 0. Let v(b) = b**3 - 12*b**2 + 2*b - 20. Let x be v(12). Suppose -z + x = -28. What is the greatest common factor of a and z?
4
Suppose -52*p = -50*p - 48. What is the greatest common factor of p and 48?
24
Let h = -29 - -34. Suppose h*z - 5*p - 20 = 0, 3*z - 7*p - 2 = -2*p. What is the greatest common factor of z and 9?
9
Let a = -20 + 34. Let k be ((-48)/a)/(12/(-84)). Calculate the highest common factor of 120 and k.
24
Let t be 2/(-4) + 9/6. Suppose r + t = 6. Suppose -2*g + r*g = 264. Calculate the highest common divisor of 8 and g.
8
Suppose 23*v - 783 = -4*v. What is the highest common factor of 203 and v?
29
Suppose 4*k - 145 = -3*z, -2*z = -2*k + z + 95. What is the greatest common factor of k and 5?
5
Let k = 197 - 177. What is the greatest common divisor of 160 and k?
20
Let n be 161 - -6*(-7)/6. What is the highest common factor of n and 196?
14
Suppose 0*c - 9 = 5*s + c, -2*s + 3*c - 7 = 0. Let g be s*((-33)/6 - -2). Let m be (-1)/8 + (-507)/(-24). What is the greatest common divisor of g and m?
7
Let z = 546 - 539. Calculate the highest common factor of 224 and z.
7
Let u be (-15)/10 - (-297)/6. Suppose u = -2*a + 5*a. Let z = a + -12. Calculate the greatest common divisor of z and 44.
4
Suppose -3*k - 8 = 3*w + 7, 4*k + 8 = 0. Let u be -8 - (-20)/5 - w. Let y be (2/3)/(u/(-18)). What is the greatest common divisor of 4 and y?
4
Let u = -1478 - -1512. Calculate the highest common factor of u and 323.
17
Suppose 4*g - 1140 = -39*p + 34*p, -1175 = -5*p + 3*g. What is the greatest common factor of p and 29?
29
Suppose 5*f + 2*y = 1207 + 1719, -3*y = 5*f - 2929. Calculate the highest common factor of f and 8.
8
Let r = -2795 - -2917. What is the highest common divisor of 2318 and r?
122
Suppose -2*j + 4*j + 4 = 0. Let r be (j/(-6))/((-2)/(-24)). Let g be ((-20)/25)/(1/(-35)). What is the highest common divisor of g and r?
4
Suppose 0 = -3*u + 2*u + 168. Suppose 4*s = -4*d - 412, -s = -0*s + 4*d + 97. Let c = u + s. What is the greatest common factor of 9 and c?
9
Let v = 38 - 28. What is the greatest common factor of 230 and v?
10
Suppose -3 = 3*t, -a + t + 6 = 4. Let p(f) = 5*f - 7. Let g be p(5). Suppose -17 = o - g. What is the highest common factor of o and a?
1
Let o(s) = s**3 - 6*s**2 + 9*s. Let a be o(5). Let y be (-132)/(-13) + (-10)/65. Calculate the greatest common factor of y and a.
10
Suppose -5*n - 5*p + p = -156, 91 = 3*n + 5*p. Let b = n + -21. What is the highest common divisor of 55 and b?
11
Let x = 82 - 80. Suppose x*z - 4*m = -12, -2*z + 33 = 6*m - m. What is the highest common divisor of z and 52?
4
Suppose -47*v + 375 = -32*v. What is the highest common divisor of 4 and v?
1
Let i = 275 + 275. Calculate the greatest common divisor of i and 11.
11
Let v = 5 - 0. Let t be 2/4 + v/2. Suppose -14*a + 17*a - 9 = 0. Calculate the greatest common divisor of t and a.
3
Suppose 0 = -d + 3*n - 12, 5*d + 10 = 5*n - 0*n. Suppose -2 = -5*p + d*p. Let u(s) = -s + 4. Let q be u(3). Calculate the greatest common factor of p and q.
1
Suppose 2*o + d - 6 = 0, 0 = -0*o - 3*o - d + 8. Suppose -5*n + o*s + 213 = -s, 0 = -5*n + 2*s + 217. What is the greatest common divisor of 5 and n?
5
Let w(d) = 9*d - 6. Let t(r) = r**2 - 26*r + 18. Let z(y) = 2*t(y) + 7*w(y). Let a be z(-8). What is the highest common factor of 17 and a?
17
Let x be 40 - 2/2*2. Suppose 12*v = -213 + 669. Calculate the greatest common factor of x and v.
38
Suppose v = -4*v. Suppose v = -2*p + 11 - 5. Suppose 7*w = p*w + 120. Calculate the greatest common divisor of w and 12.
6
Suppose 15 = -3*r - 2*r, 0 = 4*w - 2*r - 186. Calculate the highest common divisor of 25 and w.
5
Let t(z) = 9*z**2 + 2*z. Let p be t(-2). What is the greatest common divisor of 112 and p?
16
Let i = -174 + 214. Calculate the greatest common divisor of i and 10.
10
Let w = 2286 + -2146. Calculate the highest common divisor of 1085 and w.
35
Let h(l) = -l + 571. Let y be h(51). Calculate the greatest common factor of y and 195.
65
Suppose -216 = 88*a - 90*a. What is the highest common divisor of 180 and a?
36
Suppose -a = -6*m + 3*m - 58, -3*a = -2*m - 202. What is the greatest common factor of 210 and a?
70
Let r be ((-11)/(-2) - -2)*(-120)/(-50). Suppose -17 = -5*k + r. Calculate the greatest common divisor of k and 7.
7
Let u be (-1 + 2 - 3)*54. Let n be 18/(((-12)/u)/((-1)/(-6))). Calculate the greatest common factor of 297 and n.
27
Let o(v) = v**3 - 11*v**2 - 27*v + 43. Let n be o(13). Let g be (-2)/(-3) - 107/3. Let u = n - g. Calculate the highest common divisor of 13 and u.
13
Let c = -538 + 793. What is the greatest common factor of 561 and c?
51
Suppose 0*w = w - 5*u - 65, -4*w + 336 = -u. Let n be (0 + w/(-10))*-20. What is the greatest common factor of n and 10?
10
Let f = -94 + 121. What is the highest common divisor of f and 18?
9
Suppose -2*p - m = -7*p + 938, 2*m + 748 = 4*p. Let t = 332 - p. Calculate the greatest common factor of t and 36.
36
Let a be (-16)/3*(-9)/(-3). Let b = -9 - a. Suppose 0 = b*m - 2*m - 285. Calculate the greatest common divisor of 38 and m.
19
Let w(q) = 0*q**2 + 3*q**2 + 4 - 9*q**2 + 5*q**2 - 19*q. Suppose 0 = -3*i - 49 + 13. Let z be w(i). What is the greatest common divisor of 8 and z?
8
Let v(f) = -f + 77. Let w be v(0). Let k(g) = 2*g**2 + 24*g + 7. Let q be (-1)/(2/4) - 10. Let n be k(q). Calculate the greatest common factor of n and w.
7
Let h(y) = y**2 + 3*y + 2. Let r be h(-2). Suppose 3*s + x + 4*x - 56 = r, -5*s + 5*x = -40. What is the greatest common divisor of s and 60?
12
Suppose 2*z = -9 + 45. Let r(g) = 5*g + 9. Let m be r(z). Let l(u) = -u**2 - 7*u + 1. Let x be l(-5). What is the highest common factor of m and x?
11
Let j(v) = -46*v - 81. Let r be j(-3). Calculate the highest common divisor of 38 and r.
19
Let i(z) = 5*z**2 + 7*z - 2. Let q(f) = -9*f**2 - 14*f + 3. Let p(b) = 7*i(b) + 4*q(b). Let t be p(-2). Calculate the greatest common divisor of t and 1.
1
Let o = 4 - 5. Let y be o/(-6) + 21/(-18). Let i = 3 - y. What is the greatest common divisor of 36 and i?
4
Let z be 3 - (-22 + (-9)/(-3)). Let c = z - -1. Calculate the highest common factor of c and 23.
23
Suppose 0 = d + 4 - 34. Suppose -403*o + 414*o = 198. What is